2
Calculate the greatest common factor of 272 and 1241.
17
What is the highest common divisor of 36 and 180?
36
What is the greatest common divisor of 195 and 60?
15
What is the highest common factor of 6 and 6?
6
What is the highest common factor of 104 and 377?
13
Calculate the greatest common divisor of 60 and 1245.
15
Calculate the highest common factor of 12 and 1572.
12
What is the greatest common factor of 53 and 31429?
53
What is the greatest common divisor of 4935 and 63?
21
Calculate the greatest common factor of 318 and 3127.
53
What is the highest common divisor of 30 and 80?
10
What is the highest common divisor of 323 and 34?
17
Calculate the greatest common divisor of 104 and 260.
52
Calculate the highest common factor of 2874 and 6.
6
Calculate the highest common factor of 32 and 8608.
32
What is the highest common factor of 40 and 690?
10
What is the greatest common factor of 3 and 3693?
3
Calculate the highest common divisor of 341 and 527.
31
What is the highest common factor of 8 and 808?
8
Calculate the highest common divisor of 198 and 48.
6
Calculate the highest common divisor of 16146 and 1104.
138
Calculate the greatest common divisor of 184 and 64.
8
Calculate the highest common factor of 3017 and 14.
7
What is the highest common factor of 34 and 68?
34
What is the highest common factor of 10 and 7745?
5
Calculate the greatest common divisor of 15 and 111.
3
Calculate the greatest common divisor of 473 and 86.
43
What is the highest common factor of 856 and 200?
8
What is the greatest common factor of 4 and 3138?
2
Calculate the highest common divisor of 19 and 1349.
19
What is the greatest common divisor of 32 and 776?
8
Calculate the greatest common factor of 250 and 13250.
250
Calculate the highest common divisor of 210 and 15.
15
What is the highest common factor of 2793 and 539?
49
Calculate the highest common divisor of 200 and 120.
40
What is the highest common divisor of 154 and 132?
22
Calculate the greatest common divisor of 33 and 528.
33
What is the greatest common factor of 236 and 19883?
59
Calculate the greatest common factor of 140 and 1050.
70
Calculate the highest common factor of 126 and 486.
18
Calculate the greatest common factor of 1090 and 20.
10
What is the highest common factor of 2 and 143?
1
Calculate the greatest common factor of 2350 and 100.
50
What is the greatest common factor of 9 and 171?
9
Calculate the highest common factor of 384 and 12.
12
What is the highest common divisor of 52 and 884?
52
What is the greatest common divisor of 81 and 6?
3
What is the highest common divisor of 85 and 51?
17
What is the greatest common divisor of 2768 and 16?
16
What is the greatest common factor of 2112 and 297?
33
What is the highest common factor of 16914 and 6?
6
Calculate the highest common factor of 925 and 175.
25
Calculate the greatest common factor of 60 and 90.
30
What is the greatest common divisor of 120 and 40?
40
Calculate the highest common factor of 22 and 11.
11
Calculate the highest common divisor of 9240 and 4.
4
Calculate the greatest common divisor of 114 and 266.
38
Calculate the greatest common divisor of 7 and 4151.
7
What is the greatest common factor of 19 and 1?
1
What is the greatest common factor of 1200 and 288?
48
Calculate the greatest common divisor of 35 and 560.
35
What is the highest common factor of 111 and 18?
3
What is the highest common divisor of 24 and 54?
6
What is the highest common divisor of 104 and 4264?
104
What is the greatest common divisor of 4 and 9028?
4
Calculate the greatest common divisor of 1066 and 164.
82
Calculate the highest common divisor of 450 and 432.
18
What is the highest common factor of 120 and 45?
15
What is the greatest common factor of 3 and 141?
3
What is the greatest common divisor of 26 and 23933?
13
What is the greatest common factor of 124 and 136?
4
What is the highest common divisor of 600 and 80?
40
Calculate the greatest common divisor of 1400 and 1700.
100
What is the greatest common factor of 109 and 13952?
109
Calculate the greatest common divisor of 54 and 774.
18
Calculate the highest common factor of 37 and 5809.
37
What is the highest common factor of 417 and 6?
3
What is the greatest common divisor of 154 and 44?
22
Calculate the highest common divisor of 52 and 1274.
26
What is the greatest common divisor of 40 and 17120?
40
What is the greatest common divisor of 5798 and 26?
26
What is the highest common factor of 981 and 63?
9
What is the greatest common divisor of 42 and 2028?
6
Calculate the greatest common factor of 21 and 336.
21
Calculate the greatest common divisor of 300 and 180.
60
What is the highest common divisor of 11 and 60500?
11
Calculate the highest common factor of 902 and 242.
22
Calculate the greatest common factor of 24 and 24.
24
What is the highest common factor of 30 and 615?
15
What is the highest common factor of 27 and 267?
3
What is the highest common divisor of 80 and 16520?
40
What is the highest common divisor of 441 and 315?
63
Calculate the highest common factor of 230 and 70.
10
Calculate the greatest common factor of 642 and 6.
6
Calculate the greatest common factor of 32 and 3600.
16
What is the highest common divisor of 1320 and 960?
120
What is the highest common factor of 1792 and 406?
14
Calculate the greatest common divisor of 1850 and 18130.
370
What is the greatest common divisor of 224 and 14?
14
What is the greatest common divisor of 232 and 2204?
116
Calculate the greatest common divisor of 1782 and 22.
22
Calculate the highest common divisor of 28 and 2044.
28
What is the greatest common divisor of 63 and 105?
21
Calculate the greatest common divisor of 50 and 560.
10
Calculate the highest common divisor of 9844 and 828.
92
What is the greatest common factor of 54 and 72?
18
Calculate the highest common factor of 69 and 115.
23
What is the highest common divisor of 932 and 36?
4
What is the highest common factor of 7485 and 9481?
499
Calculate the highest common factor of 78 and 18.
6
What is the highest common divisor of 46692 and 72?
36
Calculate the greatest common divisor of 15 and 95.
5
Calculate the highest common factor of 76 and 1140.
76
Calculate the highest common factor of 51969 and 51.
51
Calculate the highest common divisor of 96 and 1896.
24
What is the greatest common divisor of 222 and 74?
74
Calculate the greatest common factor of 609 and 21.
21
What is the greatest common factor of 4 and 428?
4
What is the greatest common divisor of 1540 and 35?
35
What is the greatest common divisor of 23940 and 35?
35
What is the highest common divisor of 1003 and 17?
17
Calculate the greatest common divisor of 5787 and 9.
9
Calculate the highest common divisor of 19 and 190.
19
Calculate the greatest common factor of 20 and 96.
4
What is the highest common factor of 1173 and 51?
51
What is the highest common factor of 320 and 340?
20
What is the greatest common factor of 6811 and 49?
49
What is the greatest common divisor of 140 and 4900?
140
What is the highest common divisor of 295 and 59?
59
Calculate the highest common divisor of 7636 and 830.
166
What is the highest common divisor of 392 and 32?
8
What is the greatest common factor of 180 and 810?
90
What is the greatest common factor of 2024 and 23?
23
What is the highest common factor of 703 and 1577?
19
What is the greatest common divisor of 45 and 5517?
9
What is the highest common divisor of 550 and 10?
10
What is the highest common divisor of 2695 and 11025?
245
Calculate the highest common factor of 27 and 171.
9
Calculate the highest common factor of 13 and 559.
13
Calculate the highest common divisor of 361 and 76.
19
Calculate the greatest common factor of 2052 and 76.
76
Calculate the greatest common divisor of 69 and 13110.
69
Calculate the highest common factor of 28 and 21.
7
What is the greatest common factor of 189 and 441?
63
What is the highest common factor of 528 and 1152?
48
Calculate the greatest common factor of 8 and 4696.
8
Calculate the highest common factor of 99 and 6138.
99
What is the highest common factor of 1652 and 140?
28
Calculate the greatest common factor of 79 and 2291.
79
What is the greatest common divisor of 259 and 21?
7
Calculate the greatest common facto